{"id":1007,"date":"2021-04-14T18:18:20","date_gmt":"2021-04-14T16:18:20","guid":{"rendered":"https:\/\/christophedubois.fr\/formation\/?page_id=1007"},"modified":"2022-03-25T15:27:14","modified_gmt":"2022-03-25T14:27:14","slug":"votre-site-vitrine-avec-wordpress","status":"publish","type":"page","link":"https:\/\/christophedubois.fr\/formation\/index.php\/votre-site-vitrine-avec-wordpress\/","title":{"rendered":"Votre site vitrine avec WordPress"},"content":{"rendered":"\n<p>Le site vitrine est particuli\u00e8rement adapt\u00e9 pour les collectivit\u00e9s et les PME qui souhaitent simplement avoir une pr\u00e9sence sur Internet. Il est \u00e9galement adapt\u00e9s aux activit\u00e9s de location de meubl\u00e9s de tourisme comme les g\u00eetes et chambres d&rsquo;h\u00f4tes leur permettant d&rsquo;augmenter les r\u00e9servations pass\u00e9es en direct. <\/p>\n\n\n\n<p>Cr\u00e9er votre site vitrine  demande g\u00e9n\u00e9ralement entre 15 et 25 heures de formation selon votre niveau en informatique. Il vous suffit d&rsquo;apprendre comment utiliser WordPress qui est un \u00ab\u00a0logiciel\u00a0\u00bb  qui rend abordable la cr\u00e9ation d&rsquo;un site Internet m\u00eame pour les novices. Voici un aper\u00e7u de l&rsquo;interface d d&rsquo;administration d&rsquo;un site WordPress :<\/p>\n\n\n\n<figure class=\"wp-block-image size-large\"><img fetchpriority=\"high\" decoding=\"async\" width=\"966\" height=\"727\" src=\"https:\/\/christophedubois.fr\/formation\/wp-content\/uploads\/2021\/04\/menu-wordpress.jpg\" alt=\"\" class=\"wp-image-1013\" srcset=\"https:\/\/christophedubois.fr\/formation\/wp-content\/uploads\/2021\/04\/menu-wordpress.jpg 966w, https:\/\/christophedubois.fr\/formation\/wp-content\/uploads\/2021\/04\/menu-wordpress-300x226.jpg 300w, https:\/\/christophedubois.fr\/formation\/wp-content\/uploads\/2021\/04\/menu-wordpress-768x578.jpg 768w\" sizes=\"(max-width: 966px) 100vw, 966px\" \/><\/figure>\n\n\n\n<p class=\"has-text-align-center\" style=\"font-size:21px\"><a href=\"https:\/\/christophedubois.fr\/formation\/index.php\/contacts\/\">Vous \u00eates pr\u00eats \u00e0 franchir le pas, alors contactez-moi en cliquant ici !<\/a><\/p>\n","protected":false},"excerpt":{"rendered":"<p>Cr\u00e9er votre site vitrine ne demande que quelques heures de formation. Il vous suffit d&rsquo;apprendre comment utiliser Wordpress qui est un \u00ab\u00a0logiciel\u00a0\u00bb qui rend abordable la  cr\u00e9ation d&rsquo;un site Internet.<\/p>\n","protected":false},"author":1,"featured_media":629,"parent":0,"menu_order":0,"comment_status":"closed","ping_status":"closed","template":"","meta":{"cybocfi_hide_featured_image":"yes","footnotes":""},"class_list":["post-1007","page","type-page","status-publish","has-post-thumbnail","hentry"],"yoast_head":"<!-- This site is optimized with the Yoast SEO plugin v26.2 - https:\/\/yoast.com\/wordpress\/plugins\/seo\/ -->\n<title>Votre site vitrine avec Wordpress - Webformation.pro<\/title>\n<meta name=\"description\" content=\"Le site vitrine est particuli\u00e8rement adapt\u00e9 pour les collectivit\u00e9s et les PME qui souhaitent simplement avoir une pr\u00e9sence sur Internet.\" \/>\n<meta name=\"robots\" content=\"index, follow, max-snippet:-1, max-image-preview:large, max-video-preview:-1\" \/>\n<link rel=\"canonical\" href=\"https:\/\/christophedubois.fr\/formation\/index.php\/votre-site-vitrine-avec-wordpress\/\" \/>\n<meta property=\"og:locale\" content=\"fr_FR\" \/>\n<meta property=\"og:type\" content=\"article\" \/>\n<meta property=\"og:title\" content=\"Votre site vitrine avec Wordpress - Webformation.pro\" \/>\n<meta property=\"og:description\" content=\"Le site vitrine est particuli\u00e8rement adapt\u00e9 pour les collectivit\u00e9s et les PME qui souhaitent simplement avoir une pr\u00e9sence sur Internet.\" \/>\n<meta property=\"og:url\" content=\"https:\/\/christophedubois.fr\/formation\/index.php\/votre-site-vitrine-avec-wordpress\/\" \/>\n<meta property=\"og:site_name\" content=\"Webformation.pro\" \/>\n<meta property=\"article:publisher\" content=\"https:\/\/www.facebook.com\/christophe.dubois.webformation\" \/>\n<meta property=\"article:modified_time\" content=\"2022-03-25T14:27:14+00:00\" \/>\n<meta property=\"og:image\" content=\"https:\/\/christophedubois.fr\/formation\/wp-content\/uploads\/2021\/03\/wordpress-logo.png\" \/>\n\t<meta property=\"og:image:width\" content=\"499\" \/>\n\t<meta property=\"og:image:height\" content=\"310\" \/>\n\t<meta property=\"og:image:type\" content=\"image\/png\" \/>\n<meta name=\"twitter:card\" content=\"summary_large_image\" \/>\n<meta name=\"twitter:label1\" content=\"Dur\u00e9e de lecture estim\u00e9e\" \/>\n\t<meta name=\"twitter:data1\" content=\"1 minute\" \/>\n<script type=\"application\/ld+json\" class=\"yoast-schema-graph\">{\"@context\":\"https:\/\/schema.org\",\"@graph\":[{\"@type\":\"WebPage\",\"@id\":\"https:\/\/christophedubois.fr\/formation\/index.php\/votre-site-vitrine-avec-wordpress\/\",\"url\":\"https:\/\/christophedubois.fr\/formation\/index.php\/votre-site-vitrine-avec-wordpress\/\",\"name\":\"Votre site vitrine avec Wordpress - Webformation.pro\",\"isPartOf\":{\"@id\":\"https:\/\/christophedubois.fr\/formation\/#website\"},\"primaryImageOfPage\":{\"@id\":\"https:\/\/christophedubois.fr\/formation\/index.php\/votre-site-vitrine-avec-wordpress\/#primaryimage\"},\"image\":{\"@id\":\"https:\/\/christophedubois.fr\/formation\/index.php\/votre-site-vitrine-avec-wordpress\/#primaryimage\"},\"thumbnailUrl\":\"https:\/\/christophedubois.fr\/formation\/wp-content\/uploads\/2021\/03\/wordpress-logo.png\",\"datePublished\":\"2021-04-14T16:18:20+00:00\",\"dateModified\":\"2022-03-25T14:27:14+00:00\",\"description\":\"Le site vitrine est particuli\u00e8rement adapt\u00e9 pour les collectivit\u00e9s et les PME qui souhaitent simplement avoir une pr\u00e9sence sur Internet.\",\"breadcrumb\":{\"@id\":\"https:\/\/christophedubois.fr\/formation\/index.php\/votre-site-vitrine-avec-wordpress\/#breadcrumb\"},\"inLanguage\":\"fr-FR\",\"potentialAction\":[{\"@type\":\"ReadAction\",\"target\":[\"https:\/\/christophedubois.fr\/formation\/index.php\/votre-site-vitrine-avec-wordpress\/\"]}]},{\"@type\":\"BreadcrumbList\",\"@id\":\"https:\/\/christophedubois.fr\/formation\/index.php\/votre-site-vitrine-avec-wordpress\/#breadcrumb\",\"itemListElement\":[{\"@type\":\"ListItem\",\"position\":1,\"name\":\"Accueil\",\"item\":\"https:\/\/christophedubois.fr\/formation\/\"},{\"@type\":\"ListItem\",\"position\":2,\"name\":\"Votre site vitrine avec WordPress\"}]},{\"@type\":\"WebSite\",\"@id\":\"https:\/\/christophedubois.fr\/formation\/#website\",\"url\":\"https:\/\/christophedubois.fr\/formation\/\",\"name\":\"Webformation.pro\",\"description\":\"La formation au Web pour les pros\",\"publisher\":{\"@id\":\"https:\/\/christophedubois.fr\/formation\/#organization\"},\"potentialAction\":[{\"@type\":\"SearchAction\",\"target\":{\"@type\":\"EntryPoint\",\"urlTemplate\":\"https:\/\/christophedubois.fr\/formation\/?s={search_term_string}\"},\"query-input\":{\"@type\":\"PropertyValueSpecification\",\"valueRequired\":true,\"valueName\":\"search_term_string\"}}],\"inLanguage\":\"fr-FR\"},{\"@type\":\"Organization\",\"@id\":\"https:\/\/christophedubois.fr\/formation\/#organization\",\"name\":\"webformation.pro\",\"url\":\"https:\/\/christophedubois.fr\/formation\/\",\"logo\":{\"@type\":\"ImageObject\",\"inLanguage\":\"fr-FR\",\"@id\":\"https:\/\/christophedubois.fr\/formation\/#\/schema\/logo\/image\/\",\"url\":\"https:\/\/christophedubois.fr\/formation\/wp-content\/uploads\/2022\/01\/entete-webformation-hautsdefrance4-scaled.jpg\",\"contentUrl\":\"https:\/\/christophedubois.fr\/formation\/wp-content\/uploads\/2022\/01\/entete-webformation-hautsdefrance4-scaled.jpg\",\"width\":2560,\"height\":537,\"caption\":\"webformation.pro\"},\"image\":{\"@id\":\"https:\/\/christophedubois.fr\/formation\/#\/schema\/logo\/image\/\"},\"sameAs\":[\"https:\/\/www.facebook.com\/christophe.dubois.webformation\",\"https:\/\/www.linkedin.com\/company\/webformation\/\"]}]}<\/script>\n<!-- \/ Yoast SEO plugin. -->","yoast_head_json":{"title":"Votre site vitrine avec Wordpress - Webformation.pro","description":"Le site vitrine est particuli\u00e8rement adapt\u00e9 pour les collectivit\u00e9s et les PME qui souhaitent simplement avoir une pr\u00e9sence sur Internet.","robots":{"index":"index","follow":"follow","max-snippet":"max-snippet:-1","max-image-preview":"max-image-preview:large","max-video-preview":"max-video-preview:-1"},"canonical":"https:\/\/christophedubois.fr\/formation\/index.php\/votre-site-vitrine-avec-wordpress\/","og_locale":"fr_FR","og_type":"article","og_title":"Votre site vitrine avec Wordpress - Webformation.pro","og_description":"Le site vitrine est particuli\u00e8rement adapt\u00e9 pour les collectivit\u00e9s et les PME qui souhaitent simplement avoir une pr\u00e9sence sur Internet.","og_url":"https:\/\/christophedubois.fr\/formation\/index.php\/votre-site-vitrine-avec-wordpress\/","og_site_name":"Webformation.pro","article_publisher":"https:\/\/www.facebook.com\/christophe.dubois.webformation","article_modified_time":"2022-03-25T14:27:14+00:00","og_image":[{"width":499,"height":310,"url":"https:\/\/christophedubois.fr\/formation\/wp-content\/uploads\/2021\/03\/wordpress-logo.png","type":"image\/png"}],"twitter_card":"summary_large_image","twitter_misc":{"Dur\u00e9e de lecture estim\u00e9e":"1 minute"},"schema":{"@context":"https:\/\/schema.org","@graph":[{"@type":"WebPage","@id":"https:\/\/christophedubois.fr\/formation\/index.php\/votre-site-vitrine-avec-wordpress\/","url":"https:\/\/christophedubois.fr\/formation\/index.php\/votre-site-vitrine-avec-wordpress\/","name":"Votre site vitrine avec Wordpress - Webformation.pro","isPartOf":{"@id":"https:\/\/christophedubois.fr\/formation\/#website"},"primaryImageOfPage":{"@id":"https:\/\/christophedubois.fr\/formation\/index.php\/votre-site-vitrine-avec-wordpress\/#primaryimage"},"image":{"@id":"https:\/\/christophedubois.fr\/formation\/index.php\/votre-site-vitrine-avec-wordpress\/#primaryimage"},"thumbnailUrl":"https:\/\/christophedubois.fr\/formation\/wp-content\/uploads\/2021\/03\/wordpress-logo.png","datePublished":"2021-04-14T16:18:20+00:00","dateModified":"2022-03-25T14:27:14+00:00","description":"Le site vitrine est particuli\u00e8rement adapt\u00e9 pour les collectivit\u00e9s et les PME qui souhaitent simplement avoir une pr\u00e9sence sur Internet.","breadcrumb":{"@id":"https:\/\/christophedubois.fr\/formation\/index.php\/votre-site-vitrine-avec-wordpress\/#breadcrumb"},"inLanguage":"fr-FR","potentialAction":[{"@type":"ReadAction","target":["https:\/\/christophedubois.fr\/formation\/index.php\/votre-site-vitrine-avec-wordpress\/"]}]},{"@type":"BreadcrumbList","@id":"https:\/\/christophedubois.fr\/formation\/index.php\/votre-site-vitrine-avec-wordpress\/#breadcrumb","itemListElement":[{"@type":"ListItem","position":1,"name":"Accueil","item":"https:\/\/christophedubois.fr\/formation\/"},{"@type":"ListItem","position":2,"name":"Votre site vitrine avec WordPress"}]},{"@type":"WebSite","@id":"https:\/\/christophedubois.fr\/formation\/#website","url":"https:\/\/christophedubois.fr\/formation\/","name":"Webformation.pro","description":"La formation au Web pour les pros","publisher":{"@id":"https:\/\/christophedubois.fr\/formation\/#organization"},"potentialAction":[{"@type":"SearchAction","target":{"@type":"EntryPoint","urlTemplate":"https:\/\/christophedubois.fr\/formation\/?s={search_term_string}"},"query-input":{"@type":"PropertyValueSpecification","valueRequired":true,"valueName":"search_term_string"}}],"inLanguage":"fr-FR"},{"@type":"Organization","@id":"https:\/\/christophedubois.fr\/formation\/#organization","name":"webformation.pro","url":"https:\/\/christophedubois.fr\/formation\/","logo":{"@type":"ImageObject","inLanguage":"fr-FR","@id":"https:\/\/christophedubois.fr\/formation\/#\/schema\/logo\/image\/","url":"https:\/\/christophedubois.fr\/formation\/wp-content\/uploads\/2022\/01\/entete-webformation-hautsdefrance4-scaled.jpg","contentUrl":"https:\/\/christophedubois.fr\/formation\/wp-content\/uploads\/2022\/01\/entete-webformation-hautsdefrance4-scaled.jpg","width":2560,"height":537,"caption":"webformation.pro"},"image":{"@id":"https:\/\/christophedubois.fr\/formation\/#\/schema\/logo\/image\/"},"sameAs":["https:\/\/www.facebook.com\/christophe.dubois.webformation","https:\/\/www.linkedin.com\/company\/webformation\/"]}]}},"_links":{"self":[{"href":"https:\/\/christophedubois.fr\/formation\/index.php\/wp-json\/wp\/v2\/pages\/1007","targetHints":{"allow":["GET"]}}],"collection":[{"href":"https:\/\/christophedubois.fr\/formation\/index.php\/wp-json\/wp\/v2\/pages"}],"about":[{"href":"https:\/\/christophedubois.fr\/formation\/index.php\/wp-json\/wp\/v2\/types\/page"}],"author":[{"embeddable":true,"href":"https:\/\/christophedubois.fr\/formation\/index.php\/wp-json\/wp\/v2\/users\/1"}],"replies":[{"embeddable":true,"href":"https:\/\/christophedubois.fr\/formation\/index.php\/wp-json\/wp\/v2\/comments?post=1007"}],"version-history":[{"count":12,"href":"https:\/\/christophedubois.fr\/formation\/index.php\/wp-json\/wp\/v2\/pages\/1007\/revisions"}],"predecessor-version":[{"id":1262,"href":"https:\/\/christophedubois.fr\/formation\/index.php\/wp-json\/wp\/v2\/pages\/1007\/revisions\/1262"}],"wp:featuredmedia":[{"embeddable":true,"href":"https:\/\/christophedubois.fr\/formation\/index.php\/wp-json\/wp\/v2\/media\/629"}],"wp:attachment":[{"href":"https:\/\/christophedubois.fr\/formation\/index.php\/wp-json\/wp\/v2\/media?parent=1007"}],"curies":[{"name":"wp","href":"https:\/\/api.w.org\/{rel}","templated":true}]}}